e -6*y = 3*u - 3*y, -2*u + z*y = -24. List the prime factors of u.
2
Let v = 33 + -3. List the prime factors of v.
2, 3, 5
Suppose 3*a - 7 = 11. What are the prime factors of (-3)/2 - (-81)/a?
2, 3
Let c(t) = 2*t**2 + 9*t - 3. What are the prime factors of c(-5)?
2
Let l = -194 + 332. What are the prime factors of l?
2, 3, 23
Let a(b) = -b**3 - 4*b**2 - 3*b + 3. Let u be a(-3). Suppose -3*m + 9 = 0, -u*m + 0 = -k - 5. What are the prime factors of k/(-1)*5/(-2)?
2, 5
Suppose 0 = -7*o + 4*o + 12. Suppose 0 = -g + o*g - 30. List the prime factors of g - (-1)/((-2)/2).
3
Suppose -4*n + 7 = -17. List the prime factors of n.
2, 3
Let s(w) = w**3 + 3*w**2 + w + 1. Let j be s(-3). Let f = j + 2. Suppose 5*k = -f*k + 45. List the prime factors of k.
3
Suppose 0 = -h + 5*q + 9, -5*h + 111 + 30 = -q. List the prime factors of h.
29
Let u be 24 + 1 + -3 + 3. Suppose -3*i + u = -5. What are the prime factors of i?
2, 5
What are the prime factors of 7 + -6 - (0 + 1 - 97)?
97
Suppose 0 = -6*y + 2*y + 16. Let r(z) = 11*z**2 - 2*z - 1. Let w be r(-1). Suppose 0 = -y*m + 4*g + 32, -w = -2*m - g + 4*g. What are the prime factors of m?
2, 3
Let c(h) = h**3 + 3*h**2 - h + 4. What are the prime factors of c(3)?
5, 11
Let n(p) = 56*p + 10. List the prime factors of n(4).
2, 3, 13
Suppose -2*g + 2 = -16. List the prime factors of g.
3
Suppose -d = 3*p - 13 + 3, -14 = -4*d + p. List the prime factors of d.
2
Suppose 23 = 2*h + 2*h - 5*g, 2*g + 19 = 3*h. Suppose -y + 7 = -h. List the prime factors of y.
2, 7
Suppose o + 12 = 4*o. Suppose 2*h - 2 = -o*a - 16, 0 = -a + h + 1. Let b = 5 - a. What are the prime factors of b?
7
Let j(x) = -x + 42. List the prime factors of j(24).
2, 3
Suppose -4*s = -3*h - 239, 3*s - 4*h - 127 = 61. List the prime factors of s.
2, 7
Suppose -a = -2*a + 27. Suppose -a = -4*x + x. Suppose 4*h + 20 = 0, -j - 5*h - x = 11. List the prime factors of j.
5
Let a(b) = -b**2 - 10*b - 2. List the prime factors of a(-2).
2, 7
Suppose 53 = d - 71. List the prime factors of d.
2, 31
Let d = 20 + -62. Let v = d + 60. List the prime factors of v.
2, 3
Suppose 0 = d - 3*d. Suppose -2*u + 39 = 3*u + s, 5*u - 4*s - 19 = d. What are the prime factors of u?
7
Suppose -q - 116 = -5*q. What are the prime factors of q?
29
Suppose 5*w + 10 + 0 = 0. Let f(t) = -3*t + 5*t - 6*t - 2. What are the prime factors of f(w)?
2, 3
What are the prime factors of (-8091)/(-54) - (-2)/12?
2, 3, 5
Let a = 49 + -92. Let k be 2/3 + a/(-3). What are the prime factors of ((-9)/(-5))/(3/k)?
3
Let j(b) = -b + 6. Let i be j(3). Suppose 0 = 3*x - 9 + i. Suppose w + 3*f = 27, 12 = 2*f + x. List the prime factors of w.
2, 3
Let b(t) = 4*t - 3. Let o be b(2). Let m(l) = 2*l**2 - 7*l. Let z be m(o). Suppose 0 = -2*f + z + 7. What are the prime factors of f?
11
Let i(o) be the first derivative of 0 - 2 + 3*o**2 - 6*o - 2*o**2. List the prime factors of i(6).
2, 3
Let r(q) = -q**3 + 10*q**2 - 2*q + 1. Let b be r(9). Let d = -41 + b. List the prime factors of d.
23
Let v be 1 + 1/(1/2). Suppose -v*m + 40 = 2*m. What are the prime factors of m?
2
What are the prime factors of ((-362)/(-6)*3 - -3) + 0?
2, 23
Let s = -2 - -4. Let x = s - -4. List the prime factors of x.
2, 3
Let l = 176 - 97. Let y = l - 35. Suppose -5*z + y = 4*i, -z - 2*i = -1 - 9. List the prime factors of z.
2
Let a be ((-48)/(-40))/(1/(-15)). Let k = 26 + a. List the prime factors of k.
2
Let x(k) = k**3 + 17*k**2 + 10*k. List the prime factors of x(-16).
2, 3
Let p be (-12 - -2)/(-1) + 3. Let w = p - 5. List the prime factors of w.
2
Let l(k) = 2*k**3 + 2*k**2 - k. Let r be l(1). What are the prime factors of (4/(-5))/(r/(-210))?
2, 7
Suppose -3*f + f + 82 = 0. List the prime factors of f.
41
Let l(w) be the first derivative of -w**4/4 + w**3/6 - w**2/2 - 3. Let u(o) be the second derivative of l(o). List the prime factors of u(-2).
13
Suppose 4 = 2*d - 2*r, 5*d = r + 1 + 13. Let q(c) be the third derivative of -c**6/120 + c**5/15 + c**3/6 + c**2. What are the prime factors of q(d)?
2, 5
Suppose -2*z - 3*z = 0. Suppose 0 = -z*r + 4*r. Suppose 4*f = -5*i + 39, -5*f = -3*i - r*i + 53. List the prime factors of i.
11
Suppose 4*m = -4*o + 4, -4*m - 5 - 7 = -4*o. Let r(a) = 2*a**3 - 2*a**2 + a - 2. List the prime factors of r(o).
2
Suppose 106 = 2*u + 2*p, 3*u + 5*p - 95 - 64 = 0. What are the prime factors of u?
53
Let k(m) = -m**3 + 4*m**2 - 3*m + 2. Let d be k(3). Suppose 5*h - 5 = -5*v, 4*h - 2*v + 1 = -1. Suppose -d*w = -h*w - 34. What are the prime factors of w?
17
Let s = -3 + 7. Suppose -2*i + c + 7 = 0, 0*i = -2*i + 4*c + s. List the prime factors of i.
2
Let w(t) = 18*t**2 + 30*t**2 - 11*t**2 + 1 + t. List the prime factors of w(-1).
37
Suppose -i - 15 = -6*i. Let j = 6 - i. What are the prime factors of j?
3
Let u(d) = 3*d. Let l(s) = -4*s + 1. Let r(h) = 4*l(h) + 5*u(h). List the prime factors of r(-13).
17
Let b be (7 - 7) + (3 - 0). Suppose b*x + 4 = 4*x. Suppose -x*a + 1 = -7. What are the prime factors of a?
2
Let m(f) = f**3 + 9*f**2 + 9*f + 10. Let g be m(-8). Suppose g*b - 16 = -0. Suppose b = 2*u - q - 11, 3*u + 5*q - 35 = 0. What are the prime factors of u?
2, 5
Let l(c) = -c**2 + 6*c + 1. Let q(g) = -g - 3. Let r be q(-6). Suppose -4*w = r*m - 7, -2*w + 3 = -m + 12. List the prime factors of l(m).
2, 3
Let u(h) = -h + 12. Let b be u(10). Let d(o) = -12*o**3 + 0*o**2 - o + 1 + o**b + 3*o. List the prime factors of d(-1).
2, 3
Suppose -5*n - 10 = -35. Let y(u) = -u**2 + 6*u + 3. List the prime factors of y(n).
2
Let u = -6 - -6. Suppose -2 = i, 2*f - 8 = 4*i - u. Suppose -w - 4*d + 9 + 3 = 0, -3*w - 5*d + 22 = f. List the prime factors of w.
2
Suppose 4*q - h + 3*h - 218 = 0, 228 = 4*q + 4*h. What are the prime factors of q?
2, 13
Let n = 256 + -137. What are the prime factors of n?
7, 17
Let n(d) = -d**3 - 10*d**2 - 6*d - 2. Let l be n(-10). Let a = l - 31. Suppose a = 2*v - 5. What are the prime factors of v?
2
Let n(w) = -2*w + 6. Let t be n(3). Suppose 2*l = -l + c + 29, 2*l - 3*c - 24 = t. What are the prime factors of l?
3
Suppose 0 = -h + 3*h. Suppose 0*o + 4*o - 24 = h. List the prime factors of o.
2, 3
Let d(o) be the first derivative of -o**3/3 - 5*o**2 + 4*o + 2. List the prime factors of d(-9).
13
Let l(d) = -d**3 + 8*d**2 - 7*d - 2. Let c be (-18)/2*10/(-15). Let v be l(c). Suppose h = -g + 10, -3*h + v = -2*h - 5*g. List the prime factors of h.
13
Suppose 4*q = 13*q - 1116. What are the prime factors of q?
2, 31
Let i = 26 - 17. What are the prime factors of i?
3
Let p be (-18)/5 + 6/(-15). Let n be (-1 - -1)*p/4. Suppose a + 2*q = -n*a + 4, 3 = 2*a + 5*q. List the prime factors of a.
2, 7
Suppose 0 + 4 = 4*m. Suppose 2*i - 68 = -2*i. Let n = i - m. List the prime factors of n.
2
Let n(a) = -2*a**2 + 2*a - 1. Suppose -7*t + 3*t + 4 = 0. Let h be n(t). What are the prime factors of 7/3 - h/(-3)?
2
Let m be (-4)/6*(-27)/6. Suppose -m*l + 0*l = 0, 4*n - 3*l - 12 = 0. List the prime factors of n.
3
Suppose b = 5*q - 0*b - 7, -5 = -q - b. Let z(j) = 3*j**2 + 2*j - 2. What are the prime factors of z(q)?
2, 7
Let n(y) = y**2 + 0*y - 2*y + 2*y**2. Suppose 4*u - 14 = j, 3*j - 22 = u - 5*u. What are the prime factors of n(j)?
2
Suppose -5*h + 4*h = 2*t - 234, -460 = -4*t - 4*h. List the prime factors of t.
7, 17
Let d = -421 - -696. List the prime factors of d.
5, 11
Suppose 4*a + a = 0, -5*z - 2*a + 30 = 0. What are the prime factors of z?
2, 3
Suppose -21*x = -19*x - 50. What are the prime factors of x?
5
Let w be (1 - 3/(-3))*1. Suppose -3*l = -5*l + 4, w*l = 4*t - 48. List the prime factors of t.
13
Let m = 0 - -5. Suppose -72 = -f - m*k + 30, k - 2 = 0. Suppose f = 4*p - 2*j, -2*j - 68 = -2*p - 18. What are the prime factors of p?
3, 7
Suppose 124 = -5*f + 9*f. List the prime factors of f.
31
Let s = -31 - -118. What are the prime factors of s?
3, 29
Suppose 48 = 3*s + 18. Let l(w) = w**3 - w**2 - w - 75. Let j be l(0). What are the prime factors of (4/(-3))/(s/j)?
2, 5
Let g(m) = 3*m**2 - 3*m + 3. List the prime factors of g(2).
3
Let v be (12/2)/3 + -14. Let x = 34 + v. List the prime factors of x.
2, 11
Suppose 0 = -3*r - r + 5*l + 355, 2*r - 210 = -4*l. What are the prime factors of r?
5, 19
Let h = 98 + -69. What are the prime factors of h?
29
Suppose 0 = h + h - 8. Let p(w) = -w + 5. Let 